{"id":606,"date":"2025-03-06T17:22:33","date_gmt":"2025-03-06T15:22:33","guid":{"rendered":"https:\/\/www.comptex17.fr\/?page_id=606"},"modified":"2025-06-10T16:41:09","modified_gmt":"2025-06-10T14:41:09","slug":"mentions-legales","status":"publish","type":"page","link":"https:\/\/www.comptex17.fr\/?page_id=606","title":{"rendered":"Mentions l\u00e9gales et RGPD"},"content":{"rendered":"\n<h2 class=\"wp-block-heading\">Le cabinet<\/h2>\n\n\n\n<h4 class=\"wp-block-heading\">COMPTEX EURL<\/h4>\n\n\n\n<p>7 Quai Joseph Bellot17300&nbsp;Rochefort<br>Nouvelle-Aquitaine<\/p>\n\n\n\n<p>Mail : cabinet@comptex17.fr<br>Tel : 05 46 87 02 12<\/p>\n\n\n\n<p>RCS 403 101 777&nbsp;La Rochelle<\/p>\n\n\n\n<p>Inscrit au tableau de l&rsquo;Ordre des Experts-Comptables R\u00e9gion Poitou-Charentes Vend\u00e9e.<\/p>\n\n\n\n<h5 class=\"wp-block-heading\">Le r\u00e8glement g\u00e9n\u00e9ral sur la protection des donn\u00e9es &#8211; RGPD<\/h5>\n\n\n\n<p>\u25b8 Le site www.comptex17.fr peut-\u00eatre amen\u00e9 \u00e0 vous demander l\u2019acceptation des cookies pour des besoins de statistiques et d\u2019affichage. Un cookies est une information d\u00e9pos\u00e9e sur votre disque dur par le serveur du site que vous visitez. Il contient plusieurs donn\u00e9es qui sont stock\u00e9es sur votre ordinateur dans un simple fichier texte auquel un serveur acc\u00e8de pour lire et enregistrer des informations . Certaines parties de ce site ne peuvent \u00eatre fonctionnelles sans l\u2019acceptation de cookies.<\/p>\n\n\n\n<p class=\"has-nv-dark-bg-color has-text-color has-link-color wp-elements-91dbb7160ec256af41de366af5e605b5\">\u25b8 Pour exercer vos droits sur les donn\u00e9es collect\u00e9es par les tiers ou pour toute question sur ces traitements vous pouvez consulter notre <strong><a href=\"https:\/\/www.comptex17.fr\/?page_id=3\" data-type=\"page\" data-id=\"3\">politique de confidentialit\u00e9<\/a><\/strong>.<\/p>\n\n\n\n<h2 class=\"wp-block-heading\">\u00c9dition et h\u00e9bergement du site web<\/h2>\n\n\n\n<h3 class=\"wp-block-heading\">Green IT Solutions<\/h3>\n\n\n\n<p>43 rue du 24 F\u00e9vrier 79000 NIORT<\/p>\n\n\n\n<p>Site Web : greenitsolutions.fr<\/p>\n","protected":false},"excerpt":{"rendered":"<p>Le cabinet COMPTEX EURL 7 Quai Joseph Bellot17300&nbsp;RochefortNouvelle-Aquitaine Mail : cabinet@comptex17.frTel : 05 46 87 02 12 RCS 403 101 777&nbsp;La Rochelle Inscrit au tableau de l&rsquo;Ordre des Experts-Comptables R\u00e9gion Poitou-Charentes Vend\u00e9e. Le r\u00e8glement g\u00e9n\u00e9ral sur la protection des donn\u00e9es &#8211; RGPD \u25b8 Le site www.comptex17.fr peut-\u00eatre amen\u00e9 \u00e0 vous demander l\u2019acceptation des cookies pour&hellip;&nbsp;<a href=\"https:\/\/www.comptex17.fr\/?page_id=606\" rel=\"bookmark\">Lire la suite &raquo;<span class=\"screen-reader-text\">Mentions l\u00e9gales et RGPD<\/span><\/a><\/p>\n","protected":false},"author":1,"featured_media":0,"parent":0,"menu_order":0,"comment_status":"closed","ping_status":"closed","template":"","meta":{"neve_meta_sidebar":"","neve_meta_container":"","neve_meta_enable_content_width":"","neve_meta_content_width":0,"neve_meta_title_alignment":"","neve_meta_author_avatar":"","neve_post_elements_order":"","neve_meta_disable_header":"","neve_meta_disable_footer":"","neve_meta_disable_title":"","_themeisle_gutenberg_block_has_review":false,"footnotes":""},"class_list":["post-606","page","type-page","status-publish","hentry"],"_links":{"self":[{"href":"https:\/\/www.comptex17.fr\/index.php?rest_route=\/wp\/v2\/pages\/606","targetHints":{"allow":["GET"]}}],"collection":[{"href":"https:\/\/www.comptex17.fr\/index.php?rest_route=\/wp\/v2\/pages"}],"about":[{"href":"https:\/\/www.comptex17.fr\/index.php?rest_route=\/wp\/v2\/types\/page"}],"author":[{"embeddable":true,"href":"https:\/\/www.comptex17.fr\/index.php?rest_route=\/wp\/v2\/users\/1"}],"replies":[{"embeddable":true,"href":"https:\/\/www.comptex17.fr\/index.php?rest_route=%2Fwp%2Fv2%2Fcomments&post=606"}],"version-history":[{"count":5,"href":"https:\/\/www.comptex17.fr\/index.php?rest_route=\/wp\/v2\/pages\/606\/revisions"}],"predecessor-version":[{"id":667,"href":"https:\/\/www.comptex17.fr\/index.php?rest_route=\/wp\/v2\/pages\/606\/revisions\/667"}],"wp:attachment":[{"href":"https:\/\/www.comptex17.fr\/index.php?rest_route=%2Fwp%2Fv2%2Fmedia&parent=606"}],"curies":[{"name":"wp","href":"https:\/\/api.w.org\/{rel}","templated":true}]}}